{"id":6,"date":"2011-06-04T02:06:11","date_gmt":"2011-06-04T02:06:11","guid":{"rendered":"http:\/\/vivalusa.com.br\/?page_id=2"},"modified":"2011-07-26T21:25:35","modified_gmt":"2011-07-27T00:25:35","slug":"sobre","status":"publish","type":"page","link":"http:\/\/vivalusa.com.br\/index.php\/sobre\/","title":{"rendered":"O que Somos?"},"content":{"rendered":"<p><a href=\"http:\/\/www.vivalusa.com.br\/wp-content\/uploads\/2011\/06\/sandro-01.jpg\"><img loading=\"lazy\" decoding=\"async\" class=\"alignright size-medium wp-image-25\" title=\"sandro-01\" src=\"http:\/\/www.vivalusa.com.br\/wp-content\/uploads\/2011\/06\/sandro-01-281x300.jpg\" alt=\"\" width=\"172\" height=\"183\" \/><\/a>Um Portal de assuntos voltados \u00e0s comunidades Luso-descendentes com atualiza\u00e7\u00f5es di\u00e1rias com noticias sobre: Economia, Pol\u00edtica, Esporte, Cultura, Festas e muito mais&#8230;<\/p>\n<p><strong>Viva Lusa<\/strong> \u00e9 uma entidade privada sem fins lucrativos, regida pelos seus estatutos e regulamentos internos neles previstos, e quando em uns ou outros for omisso, pelas leis brasileiras.<\/p>\n<p><strong>Porque Viva Lusa?<\/strong><\/p>\n<ul>\n<li>Pelo Amor e  Pelo respeito a Portugal, sobre tudo, sua magn\u00edfica Historia.<\/li>\n<li> Divulgar seus Her\u00f3is, Seu Turismo, Sua Cultura, Sua Gastronomia, Suas Aldeias \u00e9 o m\u00ednimo que podemos fazer em forma de gratid\u00e3o.<\/li>\n<li>Dando seq\u00fcencia assim ao legado de simbolismo e mist\u00e9rios de nossa Historia.<\/li>\n<\/ul>\n<p>Atenciosamente,<\/p>\n<p>Sandro Gon\u00e7alves<br \/>\nEurorubber Cia da Borracha.<br \/>\nTel.: (11) 3903-4144<br \/>\nMov.: (11) 7830-5449<\/p>\n","protected":false},"excerpt":{"rendered":"<p>Um Portal de assuntos voltados \u00e0s comunidades Luso-descendentes com atualiza\u00e7\u00f5es di\u00e1rias com noticias sobre: Economia, Pol\u00edtica, Esporte, Cultura, Festas e muito mais&#8230; Viva Lusa \u00e9 uma entidade privada sem fins lucrativos, regida pelos seus estatutos e regulamentos internos neles previstos,<\/p>\n","protected":false},"author":1,"featured_media":0,"parent":0,"menu_order":0,"comment_status":"open","ping_status":"open","template":"","meta":{"footnotes":""},"class_list":["post-6","page","type-page","status-publish","hentry"],"_links":{"self":[{"href":"http:\/\/vivalusa.com.br\/index.php\/wp-json\/wp\/v2\/pages\/6","targetHints":{"allow":["GET"]}}],"collection":[{"href":"http:\/\/vivalusa.com.br\/index.php\/wp-json\/wp\/v2\/pages"}],"about":[{"href":"http:\/\/vivalusa.com.br\/index.php\/wp-json\/wp\/v2\/types\/page"}],"author":[{"embeddable":true,"href":"http:\/\/vivalusa.com.br\/index.php\/wp-json\/wp\/v2\/users\/1"}],"replies":[{"embeddable":true,"href":"http:\/\/vivalusa.com.br\/index.php\/wp-json\/wp\/v2\/comments?post=6"}],"version-history":[{"count":0,"href":"http:\/\/vivalusa.com.br\/index.php\/wp-json\/wp\/v2\/pages\/6\/revisions"}],"wp:attachment":[{"href":"http:\/\/vivalusa.com.br\/index.php\/wp-json\/wp\/v2\/media?parent=6"}],"curies":[{"name":"wp","href":"https:\/\/api.w.org\/{rel}","templated":true}]}}